{"version":"1.0","provider_name":"Schauman Hall","provider_url":"https:\/\/schaumanhall.fi\/en\/","author_name":"Lise Strand","author_url":"https:\/\/schaumanhall.fi\/en\/author\/lise-strand\/","title":"\u00c5rets stora julkonsert 2025 | Schauman Hall","type":"rich","width":600,"height":338,"html":"<blockquote class=\"wp-embedded-content\" data-secret=\"YROZ4jIAuL\"><a href=\"https:\/\/schaumanhall.fi\/en\/event\/arets-stora-julkonsert-2025-2\/\">\u00c5rets stora julkonsert 2025<\/a><\/blockquote><iframe sandbox=\"allow-scripts\" security=\"restricted\" src=\"https:\/\/schaumanhall.fi\/en\/event\/arets-stora-julkonsert-2025-2\/embed\/#?secret=YROZ4jIAuL\" width=\"600\" height=\"338\" title=\"&#8220;\u00c5rets stora julkonsert 2025&#8221; &#8212; Schauman Hall\" data-secret=\"YROZ4jIAuL\" frameborder=\"0\" marginwidth=\"0\" marginheight=\"0\" scrolling=\"no\" class=\"wp-embedded-content\"><\/iframe><script type=\"text\/javascript\">\n\/* <![CDATA[ *\/\n\/*! This file is auto-generated *\/\n!function(d,l){\"use strict\";l.querySelector&&d.addEventListener&&\"undefined\"!=typeof URL&&(d.wp=d.wp||{},d.wp.receiveEmbedMessage||(d.wp.receiveEmbedMessage=function(e){var t=e.data;if((t||t.secret||t.message||t.value)&&!\/[^a-zA-Z0-9]\/.test(t.secret)){for(var s,r,n,a=l.querySelectorAll('iframe[data-secret=\"'+t.secret+'\"]'),o=l.querySelectorAll('blockquote[data-secret=\"'+t.secret+'\"]'),c=new RegExp(\"^https?:$\",\"i\"),i=0;i<o.length;i++)o[i].style.display=\"none\";for(i=0;i<a.length;i++)s=a[i],e.source===s.contentWindow&&(s.removeAttribute(\"style\"),\"height\"===t.message?(1e3<(r=parseInt(t.value,10))?r=1e3:~~r<200&&(r=200),s.height=r):\"link\"===t.message&&(r=new URL(s.getAttribute(\"src\")),n=new URL(t.value),c.test(n.protocol))&&n.host===r.host&&l.activeElement===s&&(d.top.location.href=t.value))}},d.addEventListener(\"message\",d.wp.receiveEmbedMessage,!1),l.addEventListener(\"DOMContentLoaded\",function(){for(var e,t,s=l.querySelectorAll(\"iframe.wp-embedded-content\"),r=0;r<s.length;r++)(t=(e=s[r]).getAttribute(\"data-secret\"))||(t=Math.random().toString(36).substring(2,12),e.src+=\"#?secret=\"+t,e.setAttribute(\"data-secret\",t)),e.contentWindow.postMessage({message:\"ready\",secret:t},\"*\")},!1)))}(window,document);\n\/* ]]> *\/\n<\/script>\n","description":"I \u00e5r med Philip J\u00e4rvenp\u00e4\u00e4, Thomas Lundin, Hel\u00e9ne Nyberg, Charles Plogman och Rebecca Varhama &#8211; allt under ledning av Thomas Enroth med sin orkester. En kv\u00e4ll ni aldrig kommer gl\u00f6mma med stj\u00e4rnartister som bjuder p\u00e5 n\u00e5got mycket extra. Early bird 30 \u20ac fram till 31.10 Biljett 35 \u20ac fr\u00e5n 1.11 30.11 kl.15.00 och 18.00 i... Read More"}

Årets stora julkonsert 2025 | Schauman Hall

<blockquote class="wp-embedded-content" data-secret="YROZ4jIAuL"><a href="https://schaumanhall.fi/en/event/arets-stora-julkonsert-2025-2/">Årets stora julkonsert 2025</a></blockquote><iframe sandbox="allow-scripts" security="restricted" src="https://schaumanhall.fi/en/event/arets-stora-julkonsert-2025-2/embed/#?secret=YROZ4jIAuL" width="600" height="338" title="&#8220;Årets stora julkonsert 2025&#8221; &#8212; Schauman Hall" data-secret="YROZ4jIAuL" frameborder="0" marginwidth="0" marginheight="0" scrolling="no" class="wp-embedded-content"></iframe><script type="text/javascript">
/* <![CDATA[ */
/*! This file is auto-generated */
!function(d,l){"use strict";l.querySelector&&d.addEventListener&&"undefined"!=typeof URL&&(d.wp=d.wp||{},d.wp.receiveEmbedMessage||(d.wp.receiveEmbedMessage=function(e){var t=e.data;if((t||t.secret||t.message||t.value)&&!/[^a-zA-Z0-9]/.test(t.secret)){for(var s,r,n,a=l.querySelectorAll('iframe[data-secret="'+t.secret+'"]'),o=l.querySelectorAll('blockquote[data-secret="'+t.secret+'"]'),c=new RegExp("^https?:$","i"),i=0;i<o.length;i++)o[i].style.display="none";for(i=0;i<a.length;i++)s=a[i],e.source===s.contentWindow&&(s.removeAttribute("style"),"height"===t.message?(1e3<(r=parseInt(t.value,10))?r=1e3:~~r<200&&(r=200),s.height=r):"link"===t.message&&(r=new URL(s.getAttribute("src")),n=new URL(t.value),c.test(n.protocol))&&n.host===r.host&&l.activeElement===s&&(d.top.location.href=t.value))}},d.addEventListener("message",d.wp.receiveEmbedMessage,!1),l.addEventListener("DOMContentLoaded",function(){for(var e,t,s=l.querySelectorAll("iframe.wp-embedded-content"),r=0;r<s.length;r++)(t=(e=s[r]).getAttribute("data-secret"))||(t=Math.random().toString(36).substring(2,12),e.src+="#?secret="+t,e.setAttribute("data-secret",t)),e.contentWindow.postMessage({message:"ready",secret:t},"*")},!1)))}(window,document);
/* ]]> */
</script>

I år med Philip Järvenpää, Thomas Lundin, Heléne Nyberg, Charles Plogman och Rebecca Varhama &#8211; allt under ledning av Thomas Enroth med sin orkester. En kväll ni aldrig kommer glömma med stjärnartister som bjuder på något mycket extra. Early bird 30 € fram till 31.10 Biljett 35 € från 1.11 30.11 kl.15.00 och 18.00 i... Read More
