{"version":"1.0","provider_name":"Schauman Hall","provider_url":"https:\/\/schaumanhall.fi\/en\/","author_name":"Lise Strand","author_url":"https:\/\/schaumanhall.fi\/en\/author\/lise-strand\/","title":"\u00c5rets stora julkonsert 2026 | Schauman Hall","type":"rich","width":600,"height":338,"html":"<blockquote class=\"wp-embedded-content\" data-secret=\"tXjuFIquAu\"><a href=\"https:\/\/schaumanhall.fi\/en\/event\/arets-stora-julkonsert-2026-2\/\">\u00c5rets stora julkonsert 2026<\/a><\/blockquote><iframe sandbox=\"allow-scripts\" security=\"restricted\" src=\"https:\/\/schaumanhall.fi\/en\/event\/arets-stora-julkonsert-2026-2\/embed\/#?secret=tXjuFIquAu\" width=\"600\" height=\"338\" title=\"&#8220;\u00c5rets stora julkonsert 2026&#8221; &#8212; Schauman Hall\" data-secret=\"tXjuFIquAu\" frameborder=\"0\" marginwidth=\"0\" marginheight=\"0\" scrolling=\"no\" class=\"wp-embedded-content\"><\/iframe><script type=\"text\/javascript\">\n\/* <![CDATA[ *\/\n\/*! This file is auto-generated *\/\n!function(d,l){\"use strict\";l.querySelector&&d.addEventListener&&\"undefined\"!=typeof URL&&(d.wp=d.wp||{},d.wp.receiveEmbedMessage||(d.wp.receiveEmbedMessage=function(e){var t=e.data;if((t||t.secret||t.message||t.value)&&!\/[^a-zA-Z0-9]\/.test(t.secret)){for(var s,r,n,a=l.querySelectorAll('iframe[data-secret=\"'+t.secret+'\"]'),o=l.querySelectorAll('blockquote[data-secret=\"'+t.secret+'\"]'),c=new RegExp(\"^https?:$\",\"i\"),i=0;i<o.length;i++)o[i].style.display=\"none\";for(i=0;i<a.length;i++)s=a[i],e.source===s.contentWindow&&(s.removeAttribute(\"style\"),\"height\"===t.message?(1e3<(r=parseInt(t.value,10))?r=1e3:~~r<200&&(r=200),s.height=r):\"link\"===t.message&&(r=new URL(s.getAttribute(\"src\")),n=new URL(t.value),c.test(n.protocol))&&n.host===r.host&&l.activeElement===s&&(d.top.location.href=t.value))}},d.addEventListener(\"message\",d.wp.receiveEmbedMessage,!1),l.addEventListener(\"DOMContentLoaded\",function(){for(var e,t,s=l.querySelectorAll(\"iframe.wp-embedded-content\"),r=0;r<s.length;r++)(t=(e=s[r]).getAttribute(\"data-secret\"))||(t=Math.random().toString(36).substring(2,12),e.src+=\"#?secret=\"+t,e.setAttribute(\"data-secret\",t)),e.contentWindow.postMessage({message:\"ready\",secret:t},\"*\")},!1)))}(window,document);\n\/* ]]> *\/\n<\/script>\n","description":"I \u00e5r flera konserter och st\u00f6rre \u00e4n n\u00e5gonsin tidigare. Medverkar g\u00f6r stj\u00e4rnartister som Philip J\u00e4rvenp\u00e4\u00e4, Hel\u00e9ne Nyberg, Rebecca Varhama, Rosalia Sairem, Thomas Vikstr\u00f6m samt Thomas Enroths orkester. Early bird 30 \u20ac till den 30.10. Biljett 35 \u20ac fr\u00e5n den 31.10. 19.11 kl 19.00 Villa Lande, Kimito 20.11 kl 19.00 PIUG, Pargas 21.11 kl 15.00 och... Read More"}

Årets stora julkonsert 2026 | Schauman Hall

<blockquote class="wp-embedded-content" data-secret="tXjuFIquAu"><a href="https://schaumanhall.fi/en/event/arets-stora-julkonsert-2026-2/">Årets stora julkonsert 2026</a></blockquote><iframe sandbox="allow-scripts" security="restricted" src="https://schaumanhall.fi/en/event/arets-stora-julkonsert-2026-2/embed/#?secret=tXjuFIquAu" width="600" height="338" title="&#8220;Årets stora julkonsert 2026&#8221; &#8212; Schauman Hall" data-secret="tXjuFIquAu" frameborder="0" marginwidth="0" marginheight="0" scrolling="no" class="wp-embedded-content"></iframe><script type="text/javascript">
/* <![CDATA[ */
/*! This file is auto-generated */
!function(d,l){"use strict";l.querySelector&&d.addEventListener&&"undefined"!=typeof URL&&(d.wp=d.wp||{},d.wp.receiveEmbedMessage||(d.wp.receiveEmbedMessage=function(e){var t=e.data;if((t||t.secret||t.message||t.value)&&!/[^a-zA-Z0-9]/.test(t.secret)){for(var s,r,n,a=l.querySelectorAll('iframe[data-secret="'+t.secret+'"]'),o=l.querySelectorAll('blockquote[data-secret="'+t.secret+'"]'),c=new RegExp("^https?:$","i"),i=0;i<o.length;i++)o[i].style.display="none";for(i=0;i<a.length;i++)s=a[i],e.source===s.contentWindow&&(s.removeAttribute("style"),"height"===t.message?(1e3<(r=parseInt(t.value,10))?r=1e3:~~r<200&&(r=200),s.height=r):"link"===t.message&&(r=new URL(s.getAttribute("src")),n=new URL(t.value),c.test(n.protocol))&&n.host===r.host&&l.activeElement===s&&(d.top.location.href=t.value))}},d.addEventListener("message",d.wp.receiveEmbedMessage,!1),l.addEventListener("DOMContentLoaded",function(){for(var e,t,s=l.querySelectorAll("iframe.wp-embedded-content"),r=0;r<s.length;r++)(t=(e=s[r]).getAttribute("data-secret"))||(t=Math.random().toString(36).substring(2,12),e.src+="#?secret="+t,e.setAttribute("data-secret",t)),e.contentWindow.postMessage({message:"ready",secret:t},"*")},!1)))}(window,document);
/* ]]> */
</script>

I år flera konserter och större än någonsin tidigare. Medverkar gör stjärnartister som Philip Järvenpää, Heléne Nyberg, Rebecca Varhama, Rosalia Sairem, Thomas Vikström samt Thomas Enroths orkester. Early bird 30 € till den 30.10. Biljett 35 € från den 31.10. 19.11 kl 19.00 Villa Lande, Kimito 20.11 kl 19.00 PIUG, Pargas 21.11 kl 15.00 och... Read More
