{"version":"1.0","provider_name":"Schaumansali","provider_url":"https:\/\/schaumanhall.fi\/fi\/","author_name":"Lise Strand","author_url":"https:\/\/schaumanhall.fi\/fi\/author\/lise-strand\/","title":"Sibelius Juhlakonsertti - Sibelius Festkonsert | Schaumansali","type":"rich","width":600,"height":338,"html":"<blockquote class=\"wp-embedded-content\" data-secret=\"Cy0rVQSjJq\"><a href=\"https:\/\/schaumanhall.fi\/fi\/event\/sibelius-juhlakonsertti-sibelius-festkonsert\/\">Sibelius Juhlakonsertti &#8211; Sibelius Festkonsert<\/a><\/blockquote><iframe sandbox=\"allow-scripts\" security=\"restricted\" src=\"https:\/\/schaumanhall.fi\/fi\/event\/sibelius-juhlakonsertti-sibelius-festkonsert\/embed\/#?secret=Cy0rVQSjJq\" width=\"600\" height=\"338\" title=\"&#8221;Sibelius Juhlakonsertti &#8211; Sibelius Festkonsert&#8221; &#8212; Schaumansali\" data-secret=\"Cy0rVQSjJq\" frameborder=\"0\" marginwidth=\"0\" marginheight=\"0\" scrolling=\"no\" class=\"wp-embedded-content\"><\/iframe><script type=\"text\/javascript\">\n\/* <![CDATA[ *\/\n\/*! This file is auto-generated *\/\n!function(d,l){\"use strict\";l.querySelector&&d.addEventListener&&\"undefined\"!=typeof URL&&(d.wp=d.wp||{},d.wp.receiveEmbedMessage||(d.wp.receiveEmbedMessage=function(e){var t=e.data;if((t||t.secret||t.message||t.value)&&!\/[^a-zA-Z0-9]\/.test(t.secret)){for(var s,r,n,a=l.querySelectorAll('iframe[data-secret=\"'+t.secret+'\"]'),o=l.querySelectorAll('blockquote[data-secret=\"'+t.secret+'\"]'),c=new RegExp(\"^https?:$\",\"i\"),i=0;i<o.length;i++)o[i].style.display=\"none\";for(i=0;i<a.length;i++)s=a[i],e.source===s.contentWindow&&(s.removeAttribute(\"style\"),\"height\"===t.message?(1e3<(r=parseInt(t.value,10))?r=1e3:~~r<200&&(r=200),s.height=r):\"link\"===t.message&&(r=new URL(s.getAttribute(\"src\")),n=new URL(t.value),c.test(n.protocol))&&n.host===r.host&&l.activeElement===s&&(d.top.location.href=t.value))}},d.addEventListener(\"message\",d.wp.receiveEmbedMessage,!1),l.addEventListener(\"DOMContentLoaded\",function(){for(var e,t,s=l.querySelectorAll(\"iframe.wp-embedded-content\"),r=0;r<s.length;r++)(t=(e=s[r]).getAttribute(\"data-secret\"))||(t=Math.random().toString(36).substring(2,12),e.src+=\"#?secret=\"+t,e.setAttribute(\"data-secret\",t)),e.contentWindow.postMessage({message:\"ready\",secret:t},\"*\")},!1)))}(window,document);\n\/* ]]> *\/\n<\/script>\n","description":"Sibelius juhlakonsertti jossa p\u00e4\u00e4paino on Sibeliuksen mieskuoro musiikissa, mutta konserttissa kuullaan my\u00f6s Sibeliuksen pianomusiikkia sek\u00e4 Sibeliuksen s\u00e4velt\u00e4mi\u00e4 yksinlauluja. Sibelius festkonsert med tyngdpunkten p\u00e5 Sibelius\u00b4musik f\u00f6r mansk\u00f6rer, men vi h\u00f6r ocks\u00e5 pianomusik och solotmusik av Sibelius. &nbsp; Laulu-Jaakot, Johannes Ahlvik, johtaja\/k\u00f6rledare Bill Ravall, tenori\/tenor Johannes Ahlvik, baritoni\/baryton Karita Jungar, sopraano\/sopran Kaarina Nisonen, piano"}

Sibelius juhlakonsertti jossa pääpaino on Sibeliuksen mieskuoro musiikissa, mutta konserttissa kuullaan myös Sibeliuksen pianomusiikkia sekä Sibeliuksen säveltämiä yksinlauluja. Sibelius festkonsert med tyngdpunkten på Sibelius´musik för manskörer, men vi hör också pianomusik och solotmusik av Sibelius. &nbsp; Laulu-Jaakot, Johannes Ahlvik, johtaja/körledare Bill Ravall, tenori/tenor Johannes Ahlvik, baritoni/baryton Karita Jungar, sopraano/sopran Kaarina Nisonen, piano
